{"id":210031,"date":"2020-11-27T10:40:33","date_gmt":"2020-11-27T09:40:33","guid":{"rendered":"http:\/\/totdecasa.fr\/?post_type=product&#038;p=210031"},"modified":"2024-04-19T15:27:31","modified_gmt":"2024-04-19T13:27:31","slug":"grillettes-de-boeuf","status":"publish","type":"product","link":"https:\/\/totdecasa.fr\/index.php\/produit\/grillettes-de-boeuf\/","title":{"rendered":"Grillettes de b\u0153uf"},"content":{"rendered":"<p>Seul, dans une salade, en omelette ou accompagn\u00e9 d&rsquo;une sauce \u00e9mulsionn\u00e9e ou de la mayonnaise sur des toasts !<\/p>\n<p>Ingr\u00e9dients : maigre de bovin origine France (Barcus), gras de canard origine France, sel, piment, poivre.<\/p>\n<p>Poids net : 180g<\/p>\n","protected":false},"excerpt":{"rendered":"<p>Seul, dans une salade, en omelette ou accompagn\u00e9 d&rsquo;une sauce \u00e9mulsionn\u00e9e ou de la mayonnaise sur des toasts ! Ingr\u00e9dients : maigre de bovin origine France (Barcus), gras de canard origine France, sel, piment, poivre. Poids net : 180g<\/p>\n","protected":false},"featured_media":210117,"comment_status":"open","ping_status":"closed","template":"","meta":{"_et_pb_use_builder":"","_et_pb_old_content":"","_et_gb_content_width":""},"product_brand":[],"product_cat":[22,119,54],"product_tag":[157],"class_list":{"0":"post-210031","1":"product","2":"type-product","3":"status-publish","4":"has-post-thumbnail","6":"product_cat-conserves-fines","7":"product_cat-ferme-attuli","8":"product_cat-pates-rillettes","9":"product_tag-ferme-attuli-etxaltea-barcus","11":"first","12":"instock","13":"shipping-taxable","14":"product-type-simple"},"_links":{"self":[{"href":"https:\/\/totdecasa.fr\/index.php\/wp-json\/wp\/v2\/product\/210031","targetHints":{"allow":["GET"]}}],"collection":[{"href":"https:\/\/totdecasa.fr\/index.php\/wp-json\/wp\/v2\/product"}],"about":[{"href":"https:\/\/totdecasa.fr\/index.php\/wp-json\/wp\/v2\/types\/product"}],"replies":[{"embeddable":true,"href":"https:\/\/totdecasa.fr\/index.php\/wp-json\/wp\/v2\/comments?post=210031"}],"wp:featuredmedia":[{"embeddable":true,"href":"https:\/\/totdecasa.fr\/index.php\/wp-json\/wp\/v2\/media\/210117"}],"wp:attachment":[{"href":"https:\/\/totdecasa.fr\/index.php\/wp-json\/wp\/v2\/media?parent=210031"}],"wp:term":[{"taxonomy":"product_brand","embeddable":true,"href":"https:\/\/totdecasa.fr\/index.php\/wp-json\/wp\/v2\/product_brand?post=210031"},{"taxonomy":"product_cat","embeddable":true,"href":"https:\/\/totdecasa.fr\/index.php\/wp-json\/wp\/v2\/product_cat?post=210031"},{"taxonomy":"product_tag","embeddable":true,"href":"https:\/\/totdecasa.fr\/index.php\/wp-json\/wp\/v2\/product_tag?post=210031"}],"curies":[{"name":"wp","href":"https:\/\/api.w.org\/{rel}","templated":true}]}}