{"id":209633,"date":"2020-09-22T17:44:50","date_gmt":"2020-09-22T15:44:50","guid":{"rendered":"http:\/\/totdecasa.fr\/?post_type=product&#038;p=209633"},"modified":"2020-09-22T17:44:51","modified_gmt":"2020-09-22T15:44:51","slug":"creme-fraiche-epaisse","status":"publish","type":"product","link":"https:\/\/totdecasa.fr\/index.php\/produit\/creme-fraiche-epaisse\/","title":{"rendered":"Cr\u00e8me fra\u00eeche \u00e9paisse"},"content":{"rendered":"<div class=\"et_pb_column et_pb_column_4_4 et_pb_column_3 et_pb_css_mix_blend_mode_passthrough et-last-child\">\n<div class=\"et_pb_woopro_description et_pb_module et_pb_woopro_description_0\">\n<p>Cr\u00e8me fra\u00eeche \u00e9paisse.<\/p>\n<p>Poids net : 250g<\/p>\n<p>Ferme en conversion Agriculture Biologique.<\/p>\n<\/div>\n<\/div>\n","protected":false},"excerpt":{"rendered":"<p>Cr\u00e8me fra\u00eeche \u00e9paisse. Poids net : 250g Ferme en conversion Agriculture Biologique.<\/p>\n","protected":false},"featured_media":209675,"comment_status":"open","ping_status":"closed","template":"","meta":{"_et_pb_use_builder":"","_et_pb_old_content":"","_et_gb_content_width":""},"product_brand":[],"product_cat":[63,169,20],"product_tag":[170],"class_list":{"0":"post-209633","1":"product","2":"type-product","3":"status-publish","4":"has-post-thumbnail","6":"product_cat-cremerie","7":"product_cat-leit-de-brunas","8":"product_cat-oeufs-et-produits-laitiers","9":"product_tag-leit-de-brunas-lys","11":"first","12":"instock","13":"shipping-taxable","14":"product-type-simple"},"_links":{"self":[{"href":"https:\/\/totdecasa.fr\/index.php\/wp-json\/wp\/v2\/product\/209633","targetHints":{"allow":["GET"]}}],"collection":[{"href":"https:\/\/totdecasa.fr\/index.php\/wp-json\/wp\/v2\/product"}],"about":[{"href":"https:\/\/totdecasa.fr\/index.php\/wp-json\/wp\/v2\/types\/product"}],"replies":[{"embeddable":true,"href":"https:\/\/totdecasa.fr\/index.php\/wp-json\/wp\/v2\/comments?post=209633"}],"wp:featuredmedia":[{"embeddable":true,"href":"https:\/\/totdecasa.fr\/index.php\/wp-json\/wp\/v2\/media\/209675"}],"wp:attachment":[{"href":"https:\/\/totdecasa.fr\/index.php\/wp-json\/wp\/v2\/media?parent=209633"}],"wp:term":[{"taxonomy":"product_brand","embeddable":true,"href":"https:\/\/totdecasa.fr\/index.php\/wp-json\/wp\/v2\/product_brand?post=209633"},{"taxonomy":"product_cat","embeddable":true,"href":"https:\/\/totdecasa.fr\/index.php\/wp-json\/wp\/v2\/product_cat?post=209633"},{"taxonomy":"product_tag","embeddable":true,"href":"https:\/\/totdecasa.fr\/index.php\/wp-json\/wp\/v2\/product_tag?post=209633"}],"curies":[{"name":"wp","href":"https:\/\/api.w.org\/{rel}","templated":true}]}}