{"id":208353,"date":"2020-05-12T12:15:26","date_gmt":"2020-05-12T10:15:26","guid":{"rendered":"http:\/\/totdecasa.fr\/?post_type=product&#038;p=208353"},"modified":"2021-03-18T17:15:39","modified_gmt":"2021-03-18T16:15:39","slug":"crottins-de-chevre-aux-aromates","status":"publish","type":"product","link":"https:\/\/totdecasa.fr\/index.php\/produit\/crottins-de-chevre-aux-aromates\/","title":{"rendered":"Crottins de ch\u00e8vre aux aromates"},"content":{"rendered":"<p>Ces crottins de ch\u00e8vre aux aromates sont confectionn\u00e9es \u00e0 Laruns, en Vall\u00e9e d\u2019Ossau, d\u00e8s le d\u00e9but du printemps, jusqu\u2019\u00e0 la fin de l\u2019automne.<\/p>\n<p><strong>Ail et fines herbes. <\/strong><\/p>\n<p><strong>Poivron, piment<\/strong>, curcuma, graines de s\u00e9same<strong>*.<\/strong><\/p>\n<p><strong>Herbes proven\u00e7ales :<\/strong> thym, romarin, tomates s\u00e9ch\u00e9es, c\u00e9leri, graines de moutarde<strong>*.<\/strong><\/p>\n<p><em><strong>*Allerg\u00e8nes<\/strong> <\/em><\/p>\n","protected":false},"excerpt":{"rendered":"<p>Ces crottins de ch\u00e8vre aux aromates sont confectionn\u00e9es \u00e0 Laruns, en Vall\u00e9e d\u2019Ossau, d\u00e8s le d\u00e9but du printemps, jusqu\u2019\u00e0 la fin de l\u2019automne. Ail et fines herbes. Poivron, piment, curcuma, graines de s\u00e9same*. Herbes proven\u00e7ales : thym, romarin, tomates s\u00e9ch\u00e9es, c\u00e9leri, graines de moutarde*. *Allerg\u00e8nes<\/p>\n","protected":false},"featured_media":208438,"comment_status":"open","ping_status":"closed","template":"","meta":{"_et_pb_use_builder":"on","_et_pb_old_content":"Ces crottins de ch\u00e8vre aux aromates sont confectionn\u00e9es \u00e0 Laruns, en Vall\u00e9e d\u2019Ossau, d\u00e8s le d\u00e9but du printemps, jusqu\u2019\u00e0 la fin de l\u2019automne.\r\n\r\n<strong>Ail et fines herbes. <\/strong>\r\n\r\n<strong>Poivron, piment<\/strong>, curcuma, graines de s\u00e9same<strong>*.<\/strong>\r\n\r\n<strong>Herbes proven\u00e7ales :<\/strong> thym, romarin, tomates s\u00e9ch\u00e9es, c\u00e9leri, graines de moutarde<strong>*.<\/strong>\r\n\r\n<em><strong>*Allerg\u00e8nes<\/strong> <\/em>","_et_gb_content_width":""},"product_brand":[],"product_cat":[87,30,19],"product_tag":[147],"class_list":{"0":"post-208353","1":"product","2":"type-product","3":"status-publish","4":"has-post-thumbnail","6":"product_cat-adeline-cardet","7":"product_cat-chevre","8":"product_cat-fromages","9":"product_tag-adeline-cardet-laruns","11":"first","12":"instock","13":"shipping-taxable","14":"product-type-variable"},"_links":{"self":[{"href":"https:\/\/totdecasa.fr\/index.php\/wp-json\/wp\/v2\/product\/208353","targetHints":{"allow":["GET"]}}],"collection":[{"href":"https:\/\/totdecasa.fr\/index.php\/wp-json\/wp\/v2\/product"}],"about":[{"href":"https:\/\/totdecasa.fr\/index.php\/wp-json\/wp\/v2\/types\/product"}],"replies":[{"embeddable":true,"href":"https:\/\/totdecasa.fr\/index.php\/wp-json\/wp\/v2\/comments?post=208353"}],"wp:featuredmedia":[{"embeddable":true,"href":"https:\/\/totdecasa.fr\/index.php\/wp-json\/wp\/v2\/media\/208438"}],"wp:attachment":[{"href":"https:\/\/totdecasa.fr\/index.php\/wp-json\/wp\/v2\/media?parent=208353"}],"wp:term":[{"taxonomy":"product_brand","embeddable":true,"href":"https:\/\/totdecasa.fr\/index.php\/wp-json\/wp\/v2\/product_brand?post=208353"},{"taxonomy":"product_cat","embeddable":true,"href":"https:\/\/totdecasa.fr\/index.php\/wp-json\/wp\/v2\/product_cat?post=208353"},{"taxonomy":"product_tag","embeddable":true,"href":"https:\/\/totdecasa.fr\/index.php\/wp-json\/wp\/v2\/product_tag?post=208353"}],"curies":[{"name":"wp","href":"https:\/\/api.w.org\/{rel}","templated":true}]}}