{"id":208347,"date":"2020-05-12T11:38:27","date_gmt":"2020-05-12T09:38:27","guid":{"rendered":"http:\/\/totdecasa.fr\/?post_type=product&#038;p=208347"},"modified":"2021-06-24T17:57:17","modified_gmt":"2021-06-24T15:57:17","slug":"tomme-de-vache","status":"publish","type":"product","link":"https:\/\/totdecasa.fr\/index.php\/produit\/tomme-de-vache\/","title":{"rendered":"Tomme de vache"},"content":{"rendered":"<p>Une belle tomme de vache de la Vall\u00e9e d&rsquo;Aspe, \u00e0 la p\u00e2te moelleuse, et au go\u00fbt doux et savoureux.<\/p>\n<p>Id\u00e9ale en raclette !<\/p>\n<p>Le Gaec des Iris est situ\u00e9 dans le petit village de Lescun, \u00e0 900m d&rsquo;altitude (Vall\u00e9e d&rsquo;Aspe).<\/p>\n","protected":false},"excerpt":{"rendered":"<p>Une belle tomme de vache de la Vall\u00e9e d&rsquo;Aspe, \u00e0 la p\u00e2te moelleuse, et au go\u00fbt doux et savoureux. Id\u00e9ale en raclette ! Le Gaec des Iris est situ\u00e9 dans le petit village de Lescun, \u00e0 900m d&rsquo;altitude (Vall\u00e9e d&rsquo;Aspe).<\/p>\n","protected":false},"featured_media":208380,"comment_status":"open","ping_status":"closed","template":"","meta":{"_et_pb_use_builder":"","_et_pb_old_content":"","_et_gb_content_width":""},"product_brand":[],"product_cat":[19,102,31],"product_tag":[145],"class_list":{"0":"post-208347","1":"product","2":"type-product","3":"status-publish","4":"has-post-thumbnail","6":"product_cat-fromages","7":"product_cat-gaec-les-iris","8":"product_cat-vache","9":"product_tag-gaec-les-iris-lescun","11":"first","12":"instock","13":"shipping-taxable","14":"product-type-simple"},"_links":{"self":[{"href":"https:\/\/totdecasa.fr\/index.php\/wp-json\/wp\/v2\/product\/208347","targetHints":{"allow":["GET"]}}],"collection":[{"href":"https:\/\/totdecasa.fr\/index.php\/wp-json\/wp\/v2\/product"}],"about":[{"href":"https:\/\/totdecasa.fr\/index.php\/wp-json\/wp\/v2\/types\/product"}],"replies":[{"embeddable":true,"href":"https:\/\/totdecasa.fr\/index.php\/wp-json\/wp\/v2\/comments?post=208347"}],"wp:featuredmedia":[{"embeddable":true,"href":"https:\/\/totdecasa.fr\/index.php\/wp-json\/wp\/v2\/media\/208380"}],"wp:attachment":[{"href":"https:\/\/totdecasa.fr\/index.php\/wp-json\/wp\/v2\/media?parent=208347"}],"wp:term":[{"taxonomy":"product_brand","embeddable":true,"href":"https:\/\/totdecasa.fr\/index.php\/wp-json\/wp\/v2\/product_brand?post=208347"},{"taxonomy":"product_cat","embeddable":true,"href":"https:\/\/totdecasa.fr\/index.php\/wp-json\/wp\/v2\/product_cat?post=208347"},{"taxonomy":"product_tag","embeddable":true,"href":"https:\/\/totdecasa.fr\/index.php\/wp-json\/wp\/v2\/product_tag?post=208347"}],"curies":[{"name":"wp","href":"https:\/\/api.w.org\/{rel}","templated":true}]}}