{"id":208311,"date":"2020-05-06T17:46:50","date_gmt":"2020-05-06T15:46:50","guid":{"rendered":"http:\/\/totdecasa.fr\/?post_type=product&#038;p=208311"},"modified":"2020-05-27T12:37:25","modified_gmt":"2020-05-27T10:37:25","slug":"confiture-de-peche","status":"publish","type":"product","link":"https:\/\/totdecasa.fr\/index.php\/produit\/confiture-de-peche\/","title":{"rendered":"Confiture de p\u00eache"},"content":{"rendered":"<p>Ingr\u00e9dients : fruits, sucre.<\/p>\n<p>Pr\u00e9par\u00e9 avec 65g de fruits pour 100g.<\/p>\n<p>Teneur en sucre : 55g pour 100g.<\/p>\n<p>Poids net : 260g<\/p>\n","protected":false},"excerpt":{"rendered":"<p>Ingr\u00e9dients : fruits, sucre. Pr\u00e9par\u00e9 avec 65g de fruits pour 100g. Teneur en sucre : 55g pour 100g. Poids net : 260g<\/p>\n","protected":false},"featured_media":208468,"comment_status":"open","ping_status":"closed","template":"","meta":{"_et_pb_use_builder":"","_et_pb_old_content":"","_et_gb_content_width":""},"product_brand":[],"product_cat":[44,24,107],"product_tag":[150],"class_list":{"0":"post-208311","1":"product","2":"type-product","3":"status-publish","4":"has-post-thumbnail","6":"product_cat-coulis-confitures-gelees","7":"product_cat-epicerie-sucree","8":"product_cat-rolland-matheu","9":"product_tag-roland-matheu-castetner","11":"first","12":"instock","13":"shipping-taxable","14":"product-type-simple"},"_links":{"self":[{"href":"https:\/\/totdecasa.fr\/index.php\/wp-json\/wp\/v2\/product\/208311","targetHints":{"allow":["GET"]}}],"collection":[{"href":"https:\/\/totdecasa.fr\/index.php\/wp-json\/wp\/v2\/product"}],"about":[{"href":"https:\/\/totdecasa.fr\/index.php\/wp-json\/wp\/v2\/types\/product"}],"replies":[{"embeddable":true,"href":"https:\/\/totdecasa.fr\/index.php\/wp-json\/wp\/v2\/comments?post=208311"}],"wp:featuredmedia":[{"embeddable":true,"href":"https:\/\/totdecasa.fr\/index.php\/wp-json\/wp\/v2\/media\/208468"}],"wp:attachment":[{"href":"https:\/\/totdecasa.fr\/index.php\/wp-json\/wp\/v2\/media?parent=208311"}],"wp:term":[{"taxonomy":"product_brand","embeddable":true,"href":"https:\/\/totdecasa.fr\/index.php\/wp-json\/wp\/v2\/product_brand?post=208311"},{"taxonomy":"product_cat","embeddable":true,"href":"https:\/\/totdecasa.fr\/index.php\/wp-json\/wp\/v2\/product_cat?post=208311"},{"taxonomy":"product_tag","embeddable":true,"href":"https:\/\/totdecasa.fr\/index.php\/wp-json\/wp\/v2\/product_tag?post=208311"}],"curies":[{"name":"wp","href":"https:\/\/api.w.org\/{rel}","templated":true}]}}