{"id":208299,"date":"2020-05-06T17:21:48","date_gmt":"2020-05-06T15:21:48","guid":{"rendered":"http:\/\/totdecasa.fr\/?post_type=product&#038;p=208299"},"modified":"2024-04-19T15:32:11","modified_gmt":"2024-04-19T13:32:11","slug":"escargots-petit-gris-sauce-bordelaise","status":"publish","type":"product","link":"https:\/\/totdecasa.fr\/index.php\/produit\/escargots-petit-gris-sauce-bordelaise\/","title":{"rendered":"Escargots petit gris sauce bordelaise"},"content":{"rendered":"<p>Ingr\u00e9dients : escargots petits gris avec coquille cuits au court-bouillon, \u00e9chalote, oignons, chair \u00e0 saucisse, vin blanc, tomate, fond de veau, sel, poivre.<\/p>\n","protected":false},"excerpt":{"rendered":"<p>Ingr\u00e9dients : escargots petits gris avec coquille cuits au court-bouillon, \u00e9chalote, oignons, chair \u00e0 saucisse, vin blanc, tomate, fond de veau, sel, poivre.<\/p>\n","protected":false},"featured_media":208395,"comment_status":"open","ping_status":"closed","template":"","meta":{"_et_pb_use_builder":"","_et_pb_old_content":"","_et_gb_content_width":""},"product_brand":[],"product_cat":[22,51,76],"product_tag":[137],"class_list":{"0":"post-208299","1":"product","2":"type-product","3":"status-publish","4":"has-post-thumbnail","6":"product_cat-conserves-fines","7":"product_cat-escargots","8":"product_cat-francis-roustis","9":"product_tag-francis-routis-lannecaube","11":"first","12":"instock","13":"shipping-taxable","14":"product-type-variable"},"_links":{"self":[{"href":"https:\/\/totdecasa.fr\/index.php\/wp-json\/wp\/v2\/product\/208299","targetHints":{"allow":["GET"]}}],"collection":[{"href":"https:\/\/totdecasa.fr\/index.php\/wp-json\/wp\/v2\/product"}],"about":[{"href":"https:\/\/totdecasa.fr\/index.php\/wp-json\/wp\/v2\/types\/product"}],"replies":[{"embeddable":true,"href":"https:\/\/totdecasa.fr\/index.php\/wp-json\/wp\/v2\/comments?post=208299"}],"wp:featuredmedia":[{"embeddable":true,"href":"https:\/\/totdecasa.fr\/index.php\/wp-json\/wp\/v2\/media\/208395"}],"wp:attachment":[{"href":"https:\/\/totdecasa.fr\/index.php\/wp-json\/wp\/v2\/media?parent=208299"}],"wp:term":[{"taxonomy":"product_brand","embeddable":true,"href":"https:\/\/totdecasa.fr\/index.php\/wp-json\/wp\/v2\/product_brand?post=208299"},{"taxonomy":"product_cat","embeddable":true,"href":"https:\/\/totdecasa.fr\/index.php\/wp-json\/wp\/v2\/product_cat?post=208299"},{"taxonomy":"product_tag","embeddable":true,"href":"https:\/\/totdecasa.fr\/index.php\/wp-json\/wp\/v2\/product_tag?post=208299"}],"curies":[{"name":"wp","href":"https:\/\/api.w.org\/{rel}","templated":true}]}}