{"id":208175,"date":"2020-04-16T11:32:14","date_gmt":"2020-04-16T09:32:14","guid":{"rendered":"http:\/\/totdecasa.fr\/?post_type=product&#038;p=208175"},"modified":"2020-07-09T09:22:33","modified_gmt":"2020-07-09T07:22:33","slug":"infusion-simple","status":"publish","type":"product","link":"https:\/\/totdecasa.fr\/index.php\/produit\/infusion-simple\/","title":{"rendered":"Infusion simple"},"content":{"rendered":"<p><em>Ces renseignements sont donn\u00e9s \u00e0 titre informatif et ne remplacent aucunement la consultation d&rsquo;un m\u00e9decin et les conseils d&rsquo;un pharmacien.<\/em><\/p>\n<ul>\n<li><strong>Mauve :<\/strong> plante adoucissante, toux s\u00e8ches, irritations et inflammations (15g).<\/li>\n<li><strong>Ortie :<\/strong> d\u00e9purative, remin\u00e9ralisante, anti-inflammatoire (20g).<\/li>\n<li><strong>Cassis : <\/strong>(20g).<strong><br \/>\n<\/strong><\/li>\n<li><strong>Verveine :<\/strong> facilite le travail de l&rsquo;estomac, \u00e9quilibrante du syst\u00e8me nerveux (15g).<\/li>\n<li><strong>Menthe marocaine : <\/strong>tonique, digestive, antispasmodique.<\/li>\n<li><strong>Menthe poivr\u00e9e :<\/strong> tonique, digestive, antispasmodique (20g).<\/li>\n<li><strong>Sureau :<\/strong> sudorifique, anti-rhumatismal, diur\u00e9tique (20g).<\/li>\n<li><strong>Shiso :<\/strong> antibact\u00e9rien, renforce les d\u00e9fenses immunitaires, d\u00e9toxifiant.<\/li>\n<li><strong>Camomille romaine :<\/strong> digestive, paresse de la v\u00e9sicule, foie, migraine (15g).<\/li>\n<li><strong>Agastache anis\u00e9e :<\/strong> digestive, \u00e9nergisante.<\/li>\n<li><strong>Achil\u00e9e mille-feuille :<\/strong> plante des femmes, tonique, digestive, r\u00e9gulateur du cycle menstruel (20g).<\/li>\n<li><strong>Aub\u00e9pine :<\/strong> plante du c\u0153ur et des nerfs, aide au sommeil (25g).<\/li>\n<\/ul>\n","protected":false},"excerpt":{"rendered":"<p>Ces renseignements sont donn\u00e9s \u00e0 titre informatif et ne remplacent aucunement la consultation d&rsquo;un m\u00e9decin et les conseils d&rsquo;un pharmacien. Mauve : plante adoucissante, toux s\u00e8ches, irritations et inflammations (15g). Ortie : d\u00e9purative, remin\u00e9ralisante, anti-inflammatoire (20g). Cassis : (20g). Verveine : facilite le travail de l&rsquo;estomac, \u00e9quilibrante du syst\u00e8me nerveux (15g). Menthe marocaine : tonique, [&hellip;]<\/p>\n","protected":false},"featured_media":206668,"comment_status":"open","ping_status":"closed","template":"","meta":{"_et_pb_use_builder":"","_et_pb_old_content":"","_et_gb_content_width":""},"product_brand":[],"product_cat":[40,116],"product_tag":[159,165],"class_list":{"0":"post-208175","1":"product","2":"type-product","3":"status-publish","4":"has-post-thumbnail","6":"product_cat-infusions","7":"product_cat-les-jardins-d-anahita-d-esmenote","8":"product_tag-les-jardins-danahita-desmenote-geronce","9":"product_tag-produit-certifie-agriculture-biologique","11":"first","12":"instock","13":"shipping-taxable","14":"product-type-variable"},"_links":{"self":[{"href":"https:\/\/totdecasa.fr\/index.php\/wp-json\/wp\/v2\/product\/208175","targetHints":{"allow":["GET"]}}],"collection":[{"href":"https:\/\/totdecasa.fr\/index.php\/wp-json\/wp\/v2\/product"}],"about":[{"href":"https:\/\/totdecasa.fr\/index.php\/wp-json\/wp\/v2\/types\/product"}],"replies":[{"embeddable":true,"href":"https:\/\/totdecasa.fr\/index.php\/wp-json\/wp\/v2\/comments?post=208175"}],"wp:featuredmedia":[{"embeddable":true,"href":"https:\/\/totdecasa.fr\/index.php\/wp-json\/wp\/v2\/media\/206668"}],"wp:attachment":[{"href":"https:\/\/totdecasa.fr\/index.php\/wp-json\/wp\/v2\/media?parent=208175"}],"wp:term":[{"taxonomy":"product_brand","embeddable":true,"href":"https:\/\/totdecasa.fr\/index.php\/wp-json\/wp\/v2\/product_brand?post=208175"},{"taxonomy":"product_cat","embeddable":true,"href":"https:\/\/totdecasa.fr\/index.php\/wp-json\/wp\/v2\/product_cat?post=208175"},{"taxonomy":"product_tag","embeddable":true,"href":"https:\/\/totdecasa.fr\/index.php\/wp-json\/wp\/v2\/product_tag?post=208175"}],"curies":[{"name":"wp","href":"https:\/\/api.w.org\/{rel}","templated":true}]}}