{"id":208089,"date":"2020-04-15T16:11:40","date_gmt":"2020-04-15T14:11:40","guid":{"rendered":"http:\/\/totdecasa.fr\/?post_type=product&#038;p=208089"},"modified":"2021-02-05T18:32:31","modified_gmt":"2021-02-05T17:32:31","slug":"coppa-en-morceau","status":"publish","type":"product","link":"https:\/\/totdecasa.fr\/index.php\/produit\/coppa-en-morceau\/","title":{"rendered":"Coppa en morceau"},"content":{"rendered":"<p><strong>Remarque importante : le poids moyen d\u2019un paquet de coppa en morceau est de 500<\/strong><strong>g<\/strong><strong>. Le montant calcul\u00e9 est donc indicatif, il sera fonction du poids r\u00e9el du paquet.<\/strong><\/p>\n<p>Ingr\u00e9dients : \u00e9chine de porc, assaisonnements, dextrose, salp\u00eatre, acide ascorbique, ar\u00f4mes naturels.<\/p>\n","protected":false},"excerpt":{"rendered":"<p>Remarque importante : le poids moyen d\u2019un paquet de coppa en morceau est de 500g. Le montant calcul\u00e9 est donc indicatif, il sera fonction du poids r\u00e9el du paquet. Ingr\u00e9dients : \u00e9chine de porc, assaisonnements, dextrose, salp\u00eatre, acide ascorbique, ar\u00f4mes naturels.<\/p>\n","protected":false},"featured_media":0,"comment_status":"open","ping_status":"closed","template":"","meta":{"_et_pb_use_builder":"","_et_pb_old_content":"","_et_gb_content_width":""},"product_brand":[],"product_cat":[39,86,33,18],"product_tag":[128],"class_list":{"0":"post-208089","1":"product","2":"type-product","3":"status-publish","5":"product_cat-charcuterie","6":"product_cat-la-ferme-du-claus","7":"product_cat-porc","8":"product_cat-viande","9":"product_tag-ferme-du-claus","11":"first","12":"outofstock","13":"shipping-taxable","14":"product-type-simple"},"_links":{"self":[{"href":"https:\/\/totdecasa.fr\/index.php\/wp-json\/wp\/v2\/product\/208089","targetHints":{"allow":["GET"]}}],"collection":[{"href":"https:\/\/totdecasa.fr\/index.php\/wp-json\/wp\/v2\/product"}],"about":[{"href":"https:\/\/totdecasa.fr\/index.php\/wp-json\/wp\/v2\/types\/product"}],"replies":[{"embeddable":true,"href":"https:\/\/totdecasa.fr\/index.php\/wp-json\/wp\/v2\/comments?post=208089"}],"wp:attachment":[{"href":"https:\/\/totdecasa.fr\/index.php\/wp-json\/wp\/v2\/media?parent=208089"}],"wp:term":[{"taxonomy":"product_brand","embeddable":true,"href":"https:\/\/totdecasa.fr\/index.php\/wp-json\/wp\/v2\/product_brand?post=208089"},{"taxonomy":"product_cat","embeddable":true,"href":"https:\/\/totdecasa.fr\/index.php\/wp-json\/wp\/v2\/product_cat?post=208089"},{"taxonomy":"product_tag","embeddable":true,"href":"https:\/\/totdecasa.fr\/index.php\/wp-json\/wp\/v2\/product_tag?post=208089"}],"curies":[{"name":"wp","href":"https:\/\/api.w.org\/{rel}","templated":true}]}}