{"id":208064,"date":"2020-04-15T14:47:16","date_gmt":"2020-04-15T12:47:16","guid":{"rendered":"http:\/\/totdecasa.fr\/?post_type=product&#038;p=208064"},"modified":"2021-09-16T11:50:00","modified_gmt":"2021-09-16T09:50:00","slug":"brioche-au-levain","status":"publish","type":"product","link":"https:\/\/totdecasa.fr\/index.php\/produit\/brioche-au-levain\/","title":{"rendered":"Brioche au levain"},"content":{"rendered":"<p>Brioche au levain, cuite au feu de bois.<\/p>\n<p>Poids moyen petite brioche : 180g<\/p>\n<p>Poids moyen moyenne brioche : 380g<\/p>\n<p>Poids moyen grande brioche : 550g<\/p>\n<p>Le bl\u00e9, certifi\u00e9 Agriculture Biologique, est produit \u00e0 la ferme et moulu sur meule de pierre.<\/p>\n","protected":false},"excerpt":{"rendered":"<p>Brioche au levain, cuite au feu de bois. Poids moyen petite brioche : 180g Poids moyen moyenne brioche : 380g Poids moyen grande brioche : 550g Le bl\u00e9, certifi\u00e9 Agriculture Biologique, est produit \u00e0 la ferme et moulu sur meule de pierre.<\/p>\n","protected":false},"featured_media":208474,"comment_status":"open","ping_status":"closed","template":"","meta":{"_et_pb_use_builder":"","_et_pb_old_content":"","_et_gb_content_width":""},"product_brand":[],"product_cat":[164,24,105,21],"product_tag":[180],"class_list":{"0":"post-208064","1":"product","2":"type-product","3":"status-publish","4":"has-post-thumbnail","6":"product_cat-douceurs-sucrees","7":"product_cat-epicerie-sucree","8":"product_cat-le-pain-danais","9":"product_cat-pains-brioches","10":"product_tag-le-pain-danais-ogeu","12":"first","13":"instock","14":"shipping-taxable","15":"product-type-variable"},"_links":{"self":[{"href":"https:\/\/totdecasa.fr\/index.php\/wp-json\/wp\/v2\/product\/208064","targetHints":{"allow":["GET"]}}],"collection":[{"href":"https:\/\/totdecasa.fr\/index.php\/wp-json\/wp\/v2\/product"}],"about":[{"href":"https:\/\/totdecasa.fr\/index.php\/wp-json\/wp\/v2\/types\/product"}],"replies":[{"embeddable":true,"href":"https:\/\/totdecasa.fr\/index.php\/wp-json\/wp\/v2\/comments?post=208064"}],"wp:featuredmedia":[{"embeddable":true,"href":"https:\/\/totdecasa.fr\/index.php\/wp-json\/wp\/v2\/media\/208474"}],"wp:attachment":[{"href":"https:\/\/totdecasa.fr\/index.php\/wp-json\/wp\/v2\/media?parent=208064"}],"wp:term":[{"taxonomy":"product_brand","embeddable":true,"href":"https:\/\/totdecasa.fr\/index.php\/wp-json\/wp\/v2\/product_brand?post=208064"},{"taxonomy":"product_cat","embeddable":true,"href":"https:\/\/totdecasa.fr\/index.php\/wp-json\/wp\/v2\/product_cat?post=208064"},{"taxonomy":"product_tag","embeddable":true,"href":"https:\/\/totdecasa.fr\/index.php\/wp-json\/wp\/v2\/product_tag?post=208064"}],"curies":[{"name":"wp","href":"https:\/\/api.w.org\/{rel}","templated":true}]}}