{"id":207282,"date":"2018-05-21T15:58:14","date_gmt":"2018-05-21T13:58:14","guid":{"rendered":"http:\/\/totdecasa.fr\/?post_type=product&#038;p=207282"},"modified":"2021-02-12T11:55:40","modified_gmt":"2021-02-12T10:55:40","slug":"une-aile-magret-doie-confite-ferme-daries","status":"publish","type":"product","link":"https:\/\/totdecasa.fr\/index.php\/produit\/une-aile-magret-doie-confite-ferme-daries\/","title":{"rendered":"Une Aile-Magret d&rsquo;Oie confite"},"content":{"rendered":"<div class=\"et_pb_column et_pb_column_1_2 et_pb_column_1 et_pb_css_mix_blend_mode_passthrough et-last-child\">\n<div class=\"et_pb_woopro_description et_pb_module et_pb_woopro_description_0\">\n<p>Gav\u00e9es de fa\u00e7on traditionnelle, au ma\u00efs grains entiers, cultiv\u00e9 chez nous, au c\u0153ur du B\u00e9arn, les oies grises de Toulouse nous offrent une viande savoureuse au go\u00fbt tr\u00e8s fin. Une viande \u00e0 d\u00e9couvrir!<\/p>\n<p>Ingr\u00e9dients: viande d\u2019oie (magret aile), graisse d\u2019oie, ail, sel, poivre<\/p>\n<\/div>\n<\/div>\n","protected":false},"excerpt":{"rendered":"<p>Faire r\u00e9chauffer dans une terrine au four (ou \u00e0 la po\u00eale), une quinzaine de minutes, jusqu\u2019\u00e0 que la peau soit grill\u00e9e.<\/p>\n","protected":false},"featured_media":206579,"comment_status":"open","ping_status":"closed","template":"","meta":{"_et_pb_use_builder":"","_et_pb_old_content":"","_et_gb_content_width":""},"product_brand":[],"product_cat":[50,22,96,18,38],"product_tag":[143],"class_list":{"0":"post-207282","1":"product","2":"type-product","3":"status-publish","4":"has-post-thumbnail","6":"product_cat-confits","7":"product_cat-conserves-fines","8":"product_cat-ferme-daries","9":"product_cat-viande","10":"product_cat-volaille","11":"product_tag-ferme-daries-lys","13":"first","14":"instock","15":"shipping-taxable","16":"product-type-simple"},"_links":{"self":[{"href":"https:\/\/totdecasa.fr\/index.php\/wp-json\/wp\/v2\/product\/207282","targetHints":{"allow":["GET"]}}],"collection":[{"href":"https:\/\/totdecasa.fr\/index.php\/wp-json\/wp\/v2\/product"}],"about":[{"href":"https:\/\/totdecasa.fr\/index.php\/wp-json\/wp\/v2\/types\/product"}],"replies":[{"embeddable":true,"href":"https:\/\/totdecasa.fr\/index.php\/wp-json\/wp\/v2\/comments?post=207282"}],"wp:featuredmedia":[{"embeddable":true,"href":"https:\/\/totdecasa.fr\/index.php\/wp-json\/wp\/v2\/media\/206579"}],"wp:attachment":[{"href":"https:\/\/totdecasa.fr\/index.php\/wp-json\/wp\/v2\/media?parent=207282"}],"wp:term":[{"taxonomy":"product_brand","embeddable":true,"href":"https:\/\/totdecasa.fr\/index.php\/wp-json\/wp\/v2\/product_brand?post=207282"},{"taxonomy":"product_cat","embeddable":true,"href":"https:\/\/totdecasa.fr\/index.php\/wp-json\/wp\/v2\/product_cat?post=207282"},{"taxonomy":"product_tag","embeddable":true,"href":"https:\/\/totdecasa.fr\/index.php\/wp-json\/wp\/v2\/product_tag?post=207282"}],"curies":[{"name":"wp","href":"https:\/\/api.w.org\/{rel}","templated":true}]}}