{"id":207281,"date":"2018-05-21T15:55:16","date_gmt":"2018-05-21T13:55:16","guid":{"rendered":"http:\/\/totdecasa.fr\/?post_type=product&#038;p=207281"},"modified":"2021-02-12T11:55:52","modified_gmt":"2021-02-12T10:55:52","slug":"une-cuisse-doie-confite-ferme-daries","status":"publish","type":"product","link":"https:\/\/totdecasa.fr\/index.php\/produit\/une-cuisse-doie-confite-ferme-daries\/","title":{"rendered":"Une cuisse d&rsquo;Oie Confite"},"content":{"rendered":"<p>Gav\u00e9es de fa\u00e7on traditionnelle, au ma\u00efs grains entiers, cultiv\u00e9 chez nous, au c\u0153ur du B\u00e9arn, les oies grises de Toulouse nous offrent une viande savoureuse au go\u00fbt tr\u00e8s fin. Une viande \u00e0 d\u00e9couvrir!<\/p>\n<p>Ingr\u00e9dients: viande d\u2019oie (cuisse), graisse d\u2019oie, ail, sel, poivre<\/p>\n","protected":false},"excerpt":{"rendered":"<p>Faire r\u00e9chauffer dans une terrine au four (ou \u00e0 la po\u00eale), une quinzaine de minutes, jusqu&rsquo;\u00e0 que la peau soit grill\u00e9e.<\/p>\n","protected":false},"featured_media":206593,"comment_status":"open","ping_status":"closed","template":"","meta":{"_et_pb_use_builder":"","_et_pb_old_content":"","_et_gb_content_width":""},"product_brand":[],"product_cat":[50,22,96],"product_tag":[143],"class_list":{"0":"post-207281","1":"product","2":"type-product","3":"status-publish","4":"has-post-thumbnail","6":"product_cat-confits","7":"product_cat-conserves-fines","8":"product_cat-ferme-daries","9":"product_tag-ferme-daries-lys","11":"first","12":"instock","13":"shipping-taxable","14":"product-type-simple"},"_links":{"self":[{"href":"https:\/\/totdecasa.fr\/index.php\/wp-json\/wp\/v2\/product\/207281","targetHints":{"allow":["GET"]}}],"collection":[{"href":"https:\/\/totdecasa.fr\/index.php\/wp-json\/wp\/v2\/product"}],"about":[{"href":"https:\/\/totdecasa.fr\/index.php\/wp-json\/wp\/v2\/types\/product"}],"replies":[{"embeddable":true,"href":"https:\/\/totdecasa.fr\/index.php\/wp-json\/wp\/v2\/comments?post=207281"}],"wp:featuredmedia":[{"embeddable":true,"href":"https:\/\/totdecasa.fr\/index.php\/wp-json\/wp\/v2\/media\/206593"}],"wp:attachment":[{"href":"https:\/\/totdecasa.fr\/index.php\/wp-json\/wp\/v2\/media?parent=207281"}],"wp:term":[{"taxonomy":"product_brand","embeddable":true,"href":"https:\/\/totdecasa.fr\/index.php\/wp-json\/wp\/v2\/product_brand?post=207281"},{"taxonomy":"product_cat","embeddable":true,"href":"https:\/\/totdecasa.fr\/index.php\/wp-json\/wp\/v2\/product_cat?post=207281"},{"taxonomy":"product_tag","embeddable":true,"href":"https:\/\/totdecasa.fr\/index.php\/wp-json\/wp\/v2\/product_tag?post=207281"}],"curies":[{"name":"wp","href":"https:\/\/api.w.org\/{rel}","templated":true}]}}