{"id":207223,"date":"2018-05-17T11:43:26","date_gmt":"2018-05-17T09:43:26","guid":{"rendered":"http:\/\/totdecasa.fr\/?post_type=product&#038;p=207223"},"modified":"2020-09-23T11:33:33","modified_gmt":"2020-09-23T09:33:33","slug":"jurancon-sec-vitatge-vielh-clos-lapeyre","status":"publish","type":"product","link":"https:\/\/totdecasa.fr\/index.php\/produit\/jurancon-sec-vitatge-vielh-clos-lapeyre\/","title":{"rendered":"Juran\u00e7on Sec Vitatge Vielh &#8211; Clos Lapeyre"},"content":{"rendered":"<p>Les \u00ab\u00a0vieilles vignes\u00a0\u00bb : issus de vignes plant\u00e9es dans les ann\u00e9es 40, Vitatge vielh est un blanc sec de garde (h\u00e9 oui!) gastronomique avec des not\u00e9s fruit\u00e9s et grill\u00e9es tout en restant r\u00e9solument sec et vif.<\/p>\n<p>C\u00e9pages : 60 % Gros Manseng, 30 % Petit Manseng , 10 % Courbu.<\/p>\n<p>D\u00e9gustation : Nez riche, m\u00fbr, notes de fruits confits, bouche ample, tr\u00e8s expressive, \u00e9pic\u00e9e, belle structure liss\u00e9e, avec des notes grill\u00e9es. Un beau vin ouvert, riche, tr\u00e8s gras et \u00e9quilibr\u00e9, m\u00fbr et complexe.<\/p>\n<p>Sa structure ferme en fait un vin de garde et de gastronomie. Il accompagnera parfaitement des poissons de mer cuisin\u00e9s, mais aussi une volaille grill\u00e9e ou un r\u00f4ti de veau servi avec une sauce blanche aux giroles ou morilles&#8230; et des fromages affin\u00e9s.<\/p>\n<p><em>L\u2019abus d\u2019alcool est dangereux pour la sant\u00e9.<\/em><\/p>\n","protected":false},"excerpt":{"rendered":"<p>Les \u00ab\u00a0vieilles vignes\u00a0\u00bb : issus de vignes plant\u00e9es dans les ann\u00e9es 40, Vitatge vielh est un blanc sec de garde (h\u00e9 oui!) gastronomique avec des not\u00e9s fruit\u00e9s et grill\u00e9es tout en restant r\u00e9solument sec et vif. C\u00e9pages : 60 % Gros Manseng, 30 % Petit Manseng , 10 % Courbu. D\u00e9gustation : Nez riche, m\u00fbr, [&hellip;]<\/p>\n","protected":false},"featured_media":206610,"comment_status":"open","ping_status":"closed","template":"","meta":{"_et_pb_use_builder":"","_et_pb_old_content":"","_et_gb_content_width":""},"product_brand":[],"product_cat":[25,77,58],"product_tag":[130],"class_list":{"0":"post-207223","1":"product","2":"type-product","3":"status-publish","4":"has-post-thumbnail","6":"product_cat-boissons","7":"product_cat-clos-lapeyre","8":"product_cat-vins-blancs-secs","9":"product_tag-clos-lapeyre","11":"first","12":"instock","13":"shipping-taxable","14":"product-type-simple"},"_links":{"self":[{"href":"https:\/\/totdecasa.fr\/index.php\/wp-json\/wp\/v2\/product\/207223","targetHints":{"allow":["GET"]}}],"collection":[{"href":"https:\/\/totdecasa.fr\/index.php\/wp-json\/wp\/v2\/product"}],"about":[{"href":"https:\/\/totdecasa.fr\/index.php\/wp-json\/wp\/v2\/types\/product"}],"replies":[{"embeddable":true,"href":"https:\/\/totdecasa.fr\/index.php\/wp-json\/wp\/v2\/comments?post=207223"}],"wp:featuredmedia":[{"embeddable":true,"href":"https:\/\/totdecasa.fr\/index.php\/wp-json\/wp\/v2\/media\/206610"}],"wp:attachment":[{"href":"https:\/\/totdecasa.fr\/index.php\/wp-json\/wp\/v2\/media?parent=207223"}],"wp:term":[{"taxonomy":"product_brand","embeddable":true,"href":"https:\/\/totdecasa.fr\/index.php\/wp-json\/wp\/v2\/product_brand?post=207223"},{"taxonomy":"product_cat","embeddable":true,"href":"https:\/\/totdecasa.fr\/index.php\/wp-json\/wp\/v2\/product_cat?post=207223"},{"taxonomy":"product_tag","embeddable":true,"href":"https:\/\/totdecasa.fr\/index.php\/wp-json\/wp\/v2\/product_tag?post=207223"}],"curies":[{"name":"wp","href":"https:\/\/api.w.org\/{rel}","templated":true}]}}