{"id":206227,"date":"2018-05-17T15:12:26","date_gmt":"2018-05-17T13:12:26","guid":{"rendered":"http:\/\/totdecasa.fr\/?post_type=product&#038;p=206227"},"modified":"2024-08-13T05:35:26","modified_gmt":"2024-08-13T03:35:26","slug":"poulet","status":"publish","type":"product","link":"https:\/\/totdecasa.fr\/index.php\/produit\/poulet\/","title":{"rendered":"Poulet"},"content":{"rendered":"<p>Un d\u00e9licieux poulet \u00e9lev\u00e9 en plein air et nourri avec les c\u00e9r\u00e9ales de la ferme, chaire moelleuse et go\u00fbtue garantie ! Pr\u00eat \u00e0 cuire avec le g\u00e9sier, le foie et le c\u0153ur.<\/p>\n<p>Les poulets arrivent frais au magasin le mardi &#8211; vous pouvez ensuite les consommer pendant une semaine.<\/p>\n<p>Merci d&rsquo;indiquer un poids moyen souhait\u00e9 :<\/p>\n<p>&#8211; pour un petit poulet : 1kg200<\/p>\n<p>&#8211; pour un poulet moyen : 1kg600<\/p>\n<p>&#8211; pour un gros poulet : 2kg<\/p>\n<p><em><strong>Remarque importante<\/strong>: Le poulet est factur\u00e9 au poids, une variation entre 0 et 15% par rapport au poids command\u00e9 est possible. Chez nous les animaux ne sont pas calibr\u00e9s : pour certains arrivages les poulets sont gros, pour d&rsquo;autres ils sont plus menus.<\/em><\/p>\n","protected":false},"excerpt":{"rendered":"<p>Un d\u00e9licieux poulet \u00e9lev\u00e9 en plein air et nourri avec les c\u00e9r\u00e9ales de la ferme, chaire moelleuse et go\u00fbtue garantie ! Pr\u00eat \u00e0 cuire avec le g\u00e9sier, le foie et le c\u0153ur. Les poulets arrivent frais au magasin le mardi &#8211; vous pouvez ensuite les consommer pendant une semaine. Merci d&rsquo;indiquer un poids moyen souhait\u00e9 [&hellip;]<\/p>\n","protected":false},"featured_media":208821,"comment_status":"open","ping_status":"closed","template":"","meta":{"_et_pb_use_builder":"","_et_pb_old_content":"","_et_gb_content_width":""},"product_brand":[],"product_cat":[178,18,38],"product_tag":[179],"class_list":{"0":"post-206227","1":"product","2":"type-product","3":"status-publish","4":"has-post-thumbnail","6":"product_cat-la-ferme-du-rapatou","7":"product_cat-viande","8":"product_cat-volaille","9":"product_tag-la-ferme-du-rapatou-st-faust","11":"first","12":"instock","13":"shipping-taxable","14":"product-type-simple"},"_links":{"self":[{"href":"https:\/\/totdecasa.fr\/index.php\/wp-json\/wp\/v2\/product\/206227","targetHints":{"allow":["GET"]}}],"collection":[{"href":"https:\/\/totdecasa.fr\/index.php\/wp-json\/wp\/v2\/product"}],"about":[{"href":"https:\/\/totdecasa.fr\/index.php\/wp-json\/wp\/v2\/types\/product"}],"replies":[{"embeddable":true,"href":"https:\/\/totdecasa.fr\/index.php\/wp-json\/wp\/v2\/comments?post=206227"}],"wp:featuredmedia":[{"embeddable":true,"href":"https:\/\/totdecasa.fr\/index.php\/wp-json\/wp\/v2\/media\/208821"}],"wp:attachment":[{"href":"https:\/\/totdecasa.fr\/index.php\/wp-json\/wp\/v2\/media?parent=206227"}],"wp:term":[{"taxonomy":"product_brand","embeddable":true,"href":"https:\/\/totdecasa.fr\/index.php\/wp-json\/wp\/v2\/product_brand?post=206227"},{"taxonomy":"product_cat","embeddable":true,"href":"https:\/\/totdecasa.fr\/index.php\/wp-json\/wp\/v2\/product_cat?post=206227"},{"taxonomy":"product_tag","embeddable":true,"href":"https:\/\/totdecasa.fr\/index.php\/wp-json\/wp\/v2\/product_tag?post=206227"}],"curies":[{"name":"wp","href":"https:\/\/api.w.org\/{rel}","templated":true}]}}

<p>Un délicieux poulet élevé en plein air et nourri avec les céréales de la ferme, chaire moelleuse et goûtue garantie ! Prêt à cuire avec le gésier, le foie et le cœur.</p>
<p>Les poulets arrivent frais au magasin le mardi &#8211; vous pouvez ensuite les consommer pendant une semaine.</p>
<p>Merci d&rsquo;indiquer un poids moyen souhaité :</p>
<p>&#8211; pour un petit poulet : 1kg200</p>
<p>&#8211; pour un poulet moyen : 1kg600</p>
<p>&#8211; pour un gros poulet : 2kg</p>
<p><em><strong>Remarque importante</strong>: Le poulet est facturé au poids, une variation entre 0 et 15% par rapport au poids commandé est possible. Chez nous les animaux ne sont pas calibrés : pour certains arrivages les poulets sont gros, pour d&rsquo;autres ils sont plus menus.</em></p>

<p>Un délicieux poulet élevé en plein air et nourri avec les céréales de la ferme, chaire moelleuse et goûtue garantie ! Prêt à cuire avec le gésier, le foie et le cœur. Les poulets arrivent frais au magasin le mardi &#8211; vous pouvez ensuite les consommer pendant une semaine. Merci d&rsquo;indiquer un poids moyen souhaité [&hellip;]</p>
