{"id":209471,"date":"2020-07-23T18:16:26","date_gmt":"2020-07-23T16:16:26","guid":{"rendered":"http:\/\/totdecasa.fr\/?page_id=209471"},"modified":"2021-01-29T12:48:22","modified_gmt":"2021-01-29T11:48:22","slug":"les-maraichers","status":"publish","type":"page","link":"https:\/\/totdecasa.fr\/index.php\/producteurs\/les-maraichers\/","title":{"rendered":"Les mara\u00eechers"},"content":{"rendered":"<p>[et_pb_section fb_built=\u00a0\u00bb1&Prime; _builder_version=\u00a0\u00bb4.4.7&Prime; background_enable_color=\u00a0\u00bboff\u00a0\u00bb custom_margin=\u00a0\u00bb||-6px|||\u00a0\u00bb custom_padding=\u00a0\u00bb47px||17px|||\u00a0\u00bb][et_pb_row column_structure=\u00a0\u00bb3_5,2_5&Prime; _builder_version=\u00a0\u00bb4.4.7&Prime; custom_padding=\u00a0\u00bb26px||11px|0px||\u00a0\u00bb][et_pb_column type=\u00a0\u00bb3_5&Prime; _builder_version=\u00a0\u00bb4.4.7&Prime;][et_pb_text _builder_version=\u00a0\u00bb4.4.8&Prime; text_font=\u00a0\u00bbdkotago||||||||\u00a0\u00bb text_text_color=\u00a0\u00bb#c02026&Prime; text_font_size=\u00a0\u00bb33px\u00a0\u00bb]<\/p>\n<p>David laffaille &amp; gaec Pietometi<\/p>\n<p>[\/et_pb_text][et_pb_text _builder_version=\u00a0\u00bb4.6.6&Prime; text_font=\u00a0\u00bbHelvetica||on||||||\u00a0\u00bb text_text_color=\u00a0\u00bb#413a34&Prime; text_font_size=\u00a0\u00bb18px\u00a0\u00bb custom_margin=\u00a0\u00bb||35px|||\u00a0\u00bb]<\/p>\n<p>Mara\u00eechage certifi\u00e9 Agriculture Biologique.<\/p>\n<p>\ud83d\udccd Sauc\u00e8de et Ogeu-les-bains<\/p>\n<p>[\/et_pb_text][et_pb_divider color=\u00a0\u00bb#ededed\u00a0\u00bb divider_weight=\u00a0\u00bb4px\u00a0\u00bb _builder_version=\u00a0\u00bb4.4.8&Prime; custom_margin=\u00a0\u00bb-20px|||||\u00a0\u00bb custom_padding=\u00a0\u00bb3px|||||\u00a0\u00bb][\/et_pb_divider][\/et_pb_column][et_pb_column type=\u00a0\u00bb2_5&Prime; _builder_version=\u00a0\u00bb4.4.7&Prime;][\/et_pb_column][\/et_pb_row][et_pb_row column_structure=\u00a0\u00bb3_5,2_5&Prime; _builder_version=\u00a0\u00bb4.4.7&Prime;][et_pb_column type=\u00a0\u00bb3_5&Prime; _builder_version=\u00a0\u00bb4.4.7&Prime;][et_pb_text _builder_version=\u00a0\u00bb4.4.8&Prime; text_font=\u00a0\u00bbAleo||||||||\u00a0\u00bb header_3_font=\u00a0\u00bbConvergence||||||||\u00a0\u00bb header_4_font=\u00a0\u00bbConvergence|700|||||||\u00a0\u00bb header_4_text_color=\u00a0\u00bb#c02026&Prime; header_4_font_size=\u00a0\u00bb22px\u00a0\u00bb custom_padding=\u00a0\u00bb||0px|||\u00a0\u00bb]<\/p>\n<h4 align=\"JUSTIFY\">\u00ab\u00a0Valoriser la saisonnalit\u00e9 des fruits et l\u00e9gumes\u00a0\u00bb<\/h4>\n<p align=\"JUSTIFY\">De la graine jusqu&rsquo;aux l\u00e9gumes, dans les deux fermes de nos mara\u00eechers on s&rsquo;attache \u00e0 valoriser les l\u00e9gumes locaux et de saison ! Les cultures se font en plein champs avec l&rsquo;aide de quelques serres froides afin de parer au climat b\u00e9arnais.<\/p>\n<h3 align=\"JUSTIFY\"><\/h3>\n<h3 align=\"JUSTIFY\">Les fermes<b><br \/> <\/b><\/h3>\n<p>Install\u00e9 \u00e0 Sauc\u00e8de depuis 2017, David produit ses l\u00e9gumes sur 2 hectares de terres dont 2 500 m\u00b2 de serres froides. Il y a recr\u00e9\u00e9 un v\u00e9ritable \u00e9cosyst\u00e8me fermier o\u00f9 \u00e9levage rime avec mara\u00eechage. Son petit troupeau de brebis lui permet d&rsquo;entretenir ses prairies et d&rsquo;en augmenter la biodiversit\u00e9, quant aux canards coureurs indiens, ils d\u00e9vorent les limaces ! Les poules en libert\u00e9, en plus de produire des oeufs pour les paniers des clients de la ferme, limitent les d\u00e9chets en se nourrissant des l\u00e9gumes abim\u00e9s.<\/p>\n<p>Chez les Pietometi (Ogeu-Les-Bains), 3 hectares sont d\u00e9di\u00e9s au mara\u00eechage, le reste \u00e0 la culture de c\u00e9r\u00e9ales. 3 500 m\u00b2 de serres froides permettent de produire les l\u00e9gumes primeurs et tardifs, ainsi que ceux de la saison estivale, sensibles au temps pluvieux et humide b\u00e9arnais !<\/p>\n<h3 align=\"JUSTIFY\"><\/h3>\n<h3 align=\"JUSTIFY\">Les produits<b><br \/> <\/b><\/h3>\n<p>Chez David comme chez les Pietometi, ce sont le go\u00fbt et la qualit\u00e9 qui priment, le plaisir des vari\u00e9t\u00e9s anciennes en plus ! Les l\u00e9gumes bio sont cueillis \u00e0 maturit\u00e9 et vendus \u00e0 la sortie des champs afin de conserver saveur et fraicheur.<\/p>\n<p>Et les fruits ? Le B\u00e9arn n&rsquo;est pas un terroir sp\u00e9cialement adapt\u00e9 \u00e0 la production fruiti\u00e8re, son climat humide en \u00e9tant une des raisons principales. En saison, nos mara\u00eechers proposent des fraises, des physalis, des melons&#8230; et vous pourrez aussi trouver des pommes, des p\u00eaches roussannes, des myrtilles !<\/p>\n<p>[\/et_pb_text][\/et_pb_column][et_pb_column type=\u00a0\u00bb2_5&Prime; _builder_version=\u00a0\u00bb4.4.7&Prime;][et_pb_code _builder_version=\u00a0\u00bb4.6.5&Prime; _module_preset=\u00a0\u00bbdefault\u00a0\u00bb min_height=\u00a0\u00bb377px\u00a0\u00bb custom_margin=\u00a0\u00bb-245px|||||\u00a0\u00bb custom_padding=\u00a0\u00bb0px|||||\u00a0\u00bb]<\/p>\n<div style=\"padding:60% 0 0 0;position:relative;\"><iframe src=\"https:\/\/player.vimeo.com\/video\/350941505\" style=\"position:absolute;top:0;left:0;width:100%;height:100%;\" frameborder=\"0\" allow=\"autoplay; fullscreen\" allowfullscreen><\/iframe><\/div>\n<p><script src=\"https:\/\/player.vimeo.com\/api\/player.js\"><\/script>[\/et_pb_code][et_pb_image src=\u00a0\u00bbhttp:\/\/totdecasa.fr\/wp-content\/uploads\/2020\/07\/tomates.jpg\u00a0\u00bb title_text=\u00a0\u00bbtomates\u00a0\u00bb _builder_version=\u00a0\u00bb4.4.8&Prime; custom_margin=\u00a0\u00bb161px|||||\u00a0\u00bb border_radii=\u00a0\u00bbon|8px|8px|8px|8px\u00a0\u00bb][\/et_pb_image][\/et_pb_column][\/et_pb_row][et_pb_row column_structure=\u00a0\u00bb1_2,1_2&Prime; _builder_version=\u00a0\u00bb4.4.8&Prime;][et_pb_column type=\u00a0\u00bb1_2&Prime; _builder_version=\u00a0\u00bb4.4.7&Prime;][et_pb_image src=\u00a0\u00bbhttp:\/\/totdecasa.fr\/wp-content\/uploads\/2020\/07\/david2.jpg\u00a0\u00bb title_text=\u00a0\u00bbdavid2&Prime; _builder_version=\u00a0\u00bb4.4.8&Prime; border_radii=\u00a0\u00bbon|8px|8px|8px|8px\u00a0\u00bb][\/et_pb_image][\/et_pb_column][et_pb_column type=\u00a0\u00bb1_2&Prime; _builder_version=\u00a0\u00bb4.4.7&Prime;][et_pb_image src=\u00a0\u00bbhttp:\/\/totdecasa.fr\/wp-content\/uploads\/2020\/07\/pierre.jpg\u00a0\u00bb title_text=\u00a0\u00bbpierre\u00a0\u00bb _builder_version=\u00a0\u00bb4.4.8&Prime; border_radii=\u00a0\u00bbon|8px|8px|8px|8px\u00a0\u00bb][\/et_pb_image][\/et_pb_column][\/et_pb_row][\/et_pb_section][et_pb_section fb_built=\u00a0\u00bb1&Prime; _builder_version=\u00a0\u00bb4.4.8&Prime; background_color=\u00a0\u00bb#ededed\u00a0\u00bb custom_margin=\u00a0\u00bb||-91px|||\u00a0\u00bb custom_padding=\u00a0\u00bb||0px|||\u00a0\u00bb][et_pb_row _builder_version=\u00a0\u00bb4.4.8&Prime; background_enable_color=\u00a0\u00bboff\u00a0\u00bb custom_margin=\u00a0\u00bb-51px|auto||auto||\u00a0\u00bb][et_pb_column type=\u00a0\u00bb4_4&Prime; _builder_version=\u00a0\u00bb4.4.8&Prime;][et_pb_text _builder_version=\u00a0\u00bb4.4.8&Prime; custom_margin=\u00a0\u00bb||19px|||\u00a0\u00bb]<\/p>\n<h3>Retrouvez les l\u00e9gumes de David et les Pietometi sur notre boutique en ligne :<\/h3>\n<p>[\/et_pb_text][et_pb_shop type=\u00a0\u00bbproduct_category\u00a0\u00bb posts_number=\u00a0\u00bb4&Prime; include_categories=\u00a0\u00bb82&Prime; _builder_version=\u00a0\u00bb4.4.8&Prime; custom_margin=\u00a0\u00bb-2px|||||\u00a0\u00bb custom_padding=\u00a0\u00bb||0px|||\u00a0\u00bb][\/et_pb_shop][\/et_pb_column][\/et_pb_row][\/et_pb_section]<\/p>\n","protected":false},"excerpt":{"rendered":"<p>David laffaille &amp; gaec PietometiMara\u00eechage certifi\u00e9 Agriculture Biologique. \ud83d\udccd Sauc\u00e8de et Ogeu-les-bains\u00a0\u00bbValoriser la saisonnalit\u00e9 des fruits et l\u00e9gumes\u00a0\u00bb De la graine jusqu&rsquo;aux l\u00e9gumes, dans les deux fermes de nos mara\u00eechers on s&rsquo;attache \u00e0 valoriser les l\u00e9gumes locaux et de saison ! Les cultures se font en plein champs avec l&rsquo;aide de quelques serres froides afin [&hellip;]<\/p>\n","protected":false},"author":1,"featured_media":0,"parent":206782,"menu_order":0,"comment_status":"closed","ping_status":"closed","template":"","meta":{"_et_pb_use_builder":"on","_et_pb_old_content":"","_et_gb_content_width":"","footnotes":""},"class_list":["post-209471","page","type-page","status-publish","hentry"],"_links":{"self":[{"href":"https:\/\/totdecasa.fr\/index.php\/wp-json\/wp\/v2\/pages\/209471","targetHints":{"allow":["GET"]}}],"collection":[{"href":"https:\/\/totdecasa.fr\/index.php\/wp-json\/wp\/v2\/pages"}],"about":[{"href":"https:\/\/totdecasa.fr\/index.php\/wp-json\/wp\/v2\/types\/page"}],"author":[{"embeddable":true,"href":"https:\/\/totdecasa.fr\/index.php\/wp-json\/wp\/v2\/users\/1"}],"replies":[{"embeddable":true,"href":"https:\/\/totdecasa.fr\/index.php\/wp-json\/wp\/v2\/comments?post=209471"}],"version-history":[{"count":14,"href":"https:\/\/totdecasa.fr\/index.php\/wp-json\/wp\/v2\/pages\/209471\/revisions"}],"predecessor-version":[{"id":210150,"href":"https:\/\/totdecasa.fr\/index.php\/wp-json\/wp\/v2\/pages\/209471\/revisions\/210150"}],"up":[{"embeddable":true,"href":"https:\/\/totdecasa.fr\/index.php\/wp-json\/wp\/v2\/pages\/206782"}],"wp:attachment":[{"href":"https:\/\/totdecasa.fr\/index.php\/wp-json\/wp\/v2\/media?parent=209471"}],"curies":[{"name":"wp","href":"https:\/\/api.w.org\/{rel}","templated":true}]}}